{"id":627,"date":"2023-04-27T13:02:27","date_gmt":"2023-04-27T11:02:27","guid":{"rendered":"https:\/\/jardinerie-ambrosino.com\/?page_id=627"},"modified":"2023-05-07T15:19:28","modified_gmt":"2023-05-07T13:19:28","slug":"pour-la-maison-2","status":"publish","type":"page","link":"https:\/\/jardinerie-ambrosino.com\/?page_id=627","title":{"rendered":"Pour la maison"},"content":{"rendered":"\n[et_pb_section fb_built=\u00a0\u00bb1&Prime; custom_padding_last_edited=\u00a0\u00bbon|phone\u00a0\u00bb _builder_version=\u00a0\u00bb4.19.1&Prime; _module_preset=\u00a0\u00bbdefault\u00a0\u00bb background_image=\u00a0\u00bbhttp:\/\/jardinerie-ambrosino.com\/wp-content\/uploads\/2023\/04\/Pour-la-maison-fond-2.jpg\u00a0\u00bb parallax=\u00a0\u00bbon\u00a0\u00bb custom_padding=\u00a0\u00bb0px||231px||false|false\u00a0\u00bb custom_padding_tablet=\u00a0\u00bb0px||231px||false|false\u00a0\u00bb custom_padding_phone=\u00a0\u00bb0px||165px||false|false\u00a0\u00bb global_colors_info=\u00a0\u00bb{}\u00a0\u00bb][et_pb_row _builder_version=\u00a0\u00bb4.19.1&Prime; _module_preset=\u00a0\u00bbdefault\u00a0\u00bb custom_margin=\u00a0\u00bb|auto|117px|auto||\u00a0\u00bb custom_margin_tablet=\u00a0\u00bb|auto|140px|auto||\u00a0\u00bb custom_margin_phone=\u00a0\u00bb|auto|50px|auto|false|false\u00a0\u00bb custom_margin_last_edited=\u00a0\u00bbon|phone\u00a0\u00bb global_colors_info=\u00a0\u00bb{}\u00a0\u00bb][et_pb_column type=\u00a0\u00bb4_4&Prime; _builder_version=\u00a0\u00bb4.19.1&Prime; _module_preset=\u00a0\u00bbdefault\u00a0\u00bb global_colors_info=\u00a0\u00bb{}\u00a0\u00bb][et_pb_menu active_link_color=\u00a0\u00bb#FFFFFF\u00a0\u00bb dropdown_menu_bg_color=\u00a0\u00bb#FFFFFF\u00a0\u00bb dropdown_menu_line_color=\u00a0\u00bb#046300&Prime; dropdown_menu_text_color=\u00a0\u00bb#046101&Prime; dropdown_menu_active_link_color=\u00a0\u00bb#046101&Prime; mobile_menu_bg_color=\u00a0\u00bb#ffffff\u00a0\u00bb mobile_menu_text_color=\u00a0\u00bb#046300&Prime; logo_url=\u00a0\u00bbhttps:\/\/jardinerie-ambrosino.com\/\u00a0\u00bb logo_width=\u00a0\u00bb13%\u00a0\u00bb menu_icon_color=\u00a0\u00bb#FFFFFF\u00a0\u00bb active_link_color_tablet=\u00a0\u00bb#FFFFFF\u00a0\u00bb active_link_color_phone=\u00a0\u00bb#046101&Prime; active_link_color_last_edited=\u00a0\u00bbon|phone\u00a0\u00bb logo_width_tablet=\u00a0\u00bb13%\u00a0\u00bb logo_width_phone=\u00a0\u00bb56%\u00a0\u00bb logo_width_last_edited=\u00a0\u00bbon|phone\u00a0\u00bb _builder_version=\u00a0\u00bb4.19.1&Prime; _module_preset=\u00a0\u00bbdefault\u00a0\u00bb menu_font=\u00a0\u00bbAdamina|700||on|||||\u00a0\u00bb menu_text_color=\u00a0\u00bb#FFFFFF\u00a0\u00bb menu_font_size=\u00a0\u00bb16px\u00a0\u00bb menu_letter_spacing=\u00a0\u00bb1px\u00a0\u00bb background_color=\u00a0\u00bbRGBA(255,255,255,0)\u00a0\u00bb text_orientation=\u00a0\u00bbcenter\u00a0\u00bb custom_padding=\u00a0\u00bb0px|52px|0px||false|false\u00a0\u00bb custom_padding_tablet=\u00a0\u00bb0px|52px|0px||false|false\u00a0\u00bb custom_padding_phone=\u00a0\u00bb|0px|||false|false\u00a0\u00bb custom_padding_last_edited=\u00a0\u00bbon|phone\u00a0\u00bb animation_style=\u00a0\u00bbslide\u00a0\u00bb animation_direction=\u00a0\u00bbtop\u00a0\u00bb menu_font_size_tablet=\u00a0\u00bb16px\u00a0\u00bb menu_font_size_phone=\u00a0\u00bb13px\u00a0\u00bb menu_font_size_last_edited=\u00a0\u00bbon|desktop\u00a0\u00bb menu_text_shadow_color_tablet=\u00a0\u00bb#000000&Prime; menu_text_shadow_color_phone=\u00a0\u00bbRGBA(255,255,255,0)\u00a0\u00bb menu_text_shadow_color_last_edited=\u00a0\u00bbon|phone\u00a0\u00bb global_colors_info=\u00a0\u00bb{}\u00a0\u00bb][\/et_pb_menu][\/et_pb_column][\/et_pb_row][et_pb_row _builder_version=\u00a0\u00bb4.19.1&Prime; _module_preset=\u00a0\u00bbdefault\u00a0\u00bb background_color=\u00a0\u00bbrgba(0,0,0,0.35)\u00a0\u00bb width=\u00a0\u00bb95%\u00a0\u00bb custom_padding=\u00a0\u00bb28px|28px|28px|28px|false|false\u00a0\u00bb animation_style=\u00a0\u00bbslide\u00a0\u00bb border_width_all=\u00a0\u00bb3px\u00a0\u00bb border_color_all=\u00a0\u00bb#FFFFFF\u00a0\u00bb global_colors_info=\u00a0\u00bb{}\u00a0\u00bb][et_pb_column type=\u00a0\u00bb4_4&Prime; _builder_version=\u00a0\u00bb4.19.1&Prime; _module_preset=\u00a0\u00bbdefault\u00a0\u00bb global_colors_info=\u00a0\u00bb{}\u00a0\u00bb][et_pb_text _builder_version=\u00a0\u00bb4.19.1&Prime; _module_preset=\u00a0\u00bbdefault\u00a0\u00bb header_font=\u00a0\u00bbAdamina||||||||\u00a0\u00bb header_text_align=\u00a0\u00bbcenter\u00a0\u00bb header_text_color=\u00a0\u00bb#FFFFFF\u00a0\u00bb header_font_size=\u00a0\u00bb46px\u00a0\u00bb custom_margin=\u00a0\u00bb||8px|||\u00a0\u00bb global_colors_info=\u00a0\u00bb{}\u00a0\u00bb]<h1>Pour la maison<\/h1>[\/et_pb_text][et_pb_text _builder_version=\u00a0\u00bb4.19.1&Prime; _module_preset=\u00a0\u00bbdefault\u00a0\u00bb text_font=\u00a0\u00bbDancing Script||||||||\u00a0\u00bb text_text_color=\u00a0\u00bb#FFFFFF\u00a0\u00bb text_font_size=\u00a0\u00bb35px\u00a0\u00bb text_line_height=\u00a0\u00bb1.1em\u00a0\u00bb header_font=\u00a0\u00bbAdamina|700|||||||\u00a0\u00bb header_text_align=\u00a0\u00bbcenter\u00a0\u00bb header_text_color=\u00a0\u00bb#046101&Prime; header_font_size=\u00a0\u00bb46px\u00a0\u00bb header_2_font=\u00a0\u00bbAdamina||||||||\u00a0\u00bb header_2_text_align=\u00a0\u00bbcenter\u00a0\u00bb header_2_text_color=\u00a0\u00bb#046101&Prime; header_2_font_size=\u00a0\u00bb43px\u00a0\u00bb header_2_line_height=\u00a0\u00bb1.2em\u00a0\u00bb header_3_font=\u00a0\u00bbABeeZee||||||||\u00a0\u00bb header_3_text_align=\u00a0\u00bbcenter\u00a0\u00bb header_3_text_color=\u00a0\u00bb#046101&Prime; header_3_font_size=\u00a0\u00bb29px\u00a0\u00bb header_3_line_height=\u00a0\u00bb1.3em\u00a0\u00bb text_orientation=\u00a0\u00bbcenter\u00a0\u00bb animation_style=\u00a0\u00bbfade\u00a0\u00bb global_colors_info=\u00a0\u00bb{}\u00a0\u00bb]<p><span>\u00ab\u00a0Le confort de la maison est le meilleur r\u00e9confort.\u00a0\u00bb<\/span><\/p>[\/et_pb_text][\/et_pb_column][\/et_pb_row][\/et_pb_section][et_pb_section fb_built=\u00a0\u00bb1&Prime; _builder_version=\u00a0\u00bb4.19.1&Prime; _module_preset=\u00a0\u00bbdefault\u00a0\u00bb background_enable_color=\u00a0\u00bboff\u00a0\u00bb custom_padding=\u00a0\u00bb0px||23px|||\u00a0\u00bb global_colors_info=\u00a0\u00bb{}\u00a0\u00bb][et_pb_row _builder_version=\u00a0\u00bb4.19.1&Prime; _module_preset=\u00a0\u00bbdefault\u00a0\u00bb width=\u00a0\u00bb95%\u00a0\u00bb custom_padding=\u00a0\u00bb28px||0px|||\u00a0\u00bb global_colors_info=\u00a0\u00bb{}\u00a0\u00bb][et_pb_column type=\u00a0\u00bb4_4&Prime; _builder_version=\u00a0\u00bb4.19.1&Prime; _module_preset=\u00a0\u00bbdefault\u00a0\u00bb global_colors_info=\u00a0\u00bb{}\u00a0\u00bb][et_pb_text _builder_version=\u00a0\u00bb4.19.1&Prime; _module_preset=\u00a0\u00bbdefault\u00a0\u00bb text_font=\u00a0\u00bbABeeZee||||||||\u00a0\u00bb text_text_color=\u00a0\u00bb#000000&Prime; text_font_size=\u00a0\u00bb28px\u00a0\u00bb text_line_height=\u00a0\u00bb1.3em\u00a0\u00bb header_2_font=\u00a0\u00bbABeeZee||||||||\u00a0\u00bb header_2_text_align=\u00a0\u00bbcenter\u00a0\u00bb header_2_text_color=\u00a0\u00bb#000000&Prime; header_2_font_size=\u00a0\u00bb23px\u00a0\u00bb header_2_line_height=\u00a0\u00bb1.2em\u00a0\u00bb text_orientation=\u00a0\u00bbcenter\u00a0\u00bb custom_padding=\u00a0\u00bb||19px||false|false\u00a0\u00bb custom_padding_tablet=\u00a0\u00bb||19px||false|false\u00a0\u00bb custom_padding_phone=\u00a0\u00bb||10px||false|false\u00a0\u00bb custom_padding_last_edited=\u00a0\u00bbon|phone\u00a0\u00bb animation_style=\u00a0\u00bbfade\u00a0\u00bb global_colors_info=\u00a0\u00bb{}\u00a0\u00bb]<h2><span>D\u00e9couvrez les diff\u00e9rentes cat\u00e9gories de produits disponibles dans notre espace d\u00e9di\u00e9 \u00e0 la<span style=\"color: #046101;\"> Maison.<\/span><\/span><\/h2>[\/et_pb_text][\/et_pb_column][\/et_pb_row][et_pb_row column_structure=\u00a0\u00bb1_2,1_2&Prime; use_custom_gutter=\u00a0\u00bbon\u00a0\u00bb gutter_width=\u00a0\u00bb2&Prime; _builder_version=\u00a0\u00bb4.19.1&Prime; _module_preset=\u00a0\u00bbdefault\u00a0\u00bb width=\u00a0\u00bb95%\u00a0\u00bb custom_padding=\u00a0\u00bb0px||21px|||\u00a0\u00bb global_colors_info=\u00a0\u00bb{}\u00a0\u00bb][et_pb_column type=\u00a0\u00bb1_2&Prime; _builder_version=\u00a0\u00bb4.19.1&Prime; _module_preset=\u00a0\u00bbdefault\u00a0\u00bb animation_style=\u00a0\u00bbfold\u00a0\u00bb animation_direction=\u00a0\u00bbleft\u00a0\u00bb global_colors_info=\u00a0\u00bb{}\u00a0\u00bb][dsm_icon_list icon_color=\u00a0\u00bb#000000&Prime; icon_font_size=\u00a0\u00bb24px\u00a0\u00bb _builder_version=\u00a0\u00bb4.19.1&Prime; _module_preset=\u00a0\u00bbdefault\u00a0\u00bb text_font=\u00a0\u00bbAbel|700|||on|||#000000|\u00a0\u00bb text_text_color=\u00a0\u00bb#000000&Prime; text_font_size=\u00a0\u00bb28px\u00a0\u00bb global_colors_info=\u00a0\u00bb{}\u00a0\u00bb text_text_color__hover_enabled=\u00a0\u00bbon|desktop\u00a0\u00bb text_text_color__hover=\u00a0\u00bb#046101&Prime; icon_color__hover_enabled=\u00a0\u00bbon|hover\u00a0\u00bb icon_color__hover=\u00a0\u00bb#046101&Prime;][dsm_icon_list_child text=\u00a0\u00bbProduits d\u2019entretien\u00a0\u00bb font_icon=\u00a0\u00bb&#x45;||divi||400&Prime; use_tooltip=\u00a0\u00bbon\u00a0\u00bb tooltip_background_color=\u00a0\u00bb#046101&Prime; _builder_version=\u00a0\u00bb4.19.1&Prime; _module_preset=\u00a0\u00bbdefault\u00a0\u00bb tooltip_font=\u00a0\u00bbABeeZee||||||||\u00a0\u00bb tooltip_text_color=\u00a0\u00bb#FFFFFF\u00a0\u00bb tooltip_font_size=\u00a0\u00bb15px\u00a0\u00bb global_colors_info=\u00a0\u00bb{}\u00a0\u00bb]<p>Descriptif <span style=\"font-weight: 400;\">Produits d\u2019entretien<\/span><\/p>[\/dsm_icon_list_child][dsm_icon_list_child text=\u00a0\u00bbProduits bien \u00eatre\u00a0\u00bb font_icon=\u00a0\u00bb&#x45;||divi||400&Prime; use_tooltip=\u00a0\u00bbon\u00a0\u00bb tooltip_background_color=\u00a0\u00bb#046101&Prime; _builder_version=\u00a0\u00bb4.19.1&Prime; _module_preset=\u00a0\u00bbdefault\u00a0\u00bb tooltip_font=\u00a0\u00bbABeeZee||||||||\u00a0\u00bb tooltip_text_color=\u00a0\u00bb#FFFFFF\u00a0\u00bb tooltip_font_size=\u00a0\u00bb15px\u00a0\u00bb global_colors_info=\u00a0\u00bb{}\u00a0\u00bb]<p>Descriptif <span style=\"font-weight: 400;\">Produits bien \u00eatre<\/span><\/p>[\/dsm_icon_list_child][dsm_icon_list_child text=\u00a0\u00bb\u00c9picerie et Terroir\u00a0\u00bb font_icon=\u00a0\u00bb&#x45;||divi||400&Prime; use_tooltip=\u00a0\u00bbon\u00a0\u00bb tooltip_background_color=\u00a0\u00bb#046101&Prime; _builder_version=\u00a0\u00bb4.19.1&Prime; _module_preset=\u00a0\u00bbdefault\u00a0\u00bb tooltip_font=\u00a0\u00bbABeeZee||||||||\u00a0\u00bb tooltip_text_color=\u00a0\u00bb#FFFFFF\u00a0\u00bb tooltip_font_size=\u00a0\u00bb15px\u00a0\u00bb global_colors_info=\u00a0\u00bb{}\u00a0\u00bb]<p>Descriptif \u00c9picerie et Terroir<\/p>[\/dsm_icon_list_child][\/dsm_icon_list][\/et_pb_column][et_pb_column type=\u00a0\u00bb1_2&Prime; _builder_version=\u00a0\u00bb4.19.1&Prime; _module_preset=\u00a0\u00bbdefault\u00a0\u00bb global_colors_info=\u00a0\u00bb{}\u00a0\u00bb][dsm_image_carousel gallery_ids=\u00a0\u00bb652,653,654,657,659&Prime; slide_to_show=\u00a0\u00bb1&Prime; speed=\u00a0\u00bb978&Prime; arrows=\u00a0\u00bboff\u00a0\u00bb dots=\u00a0\u00bboff\u00a0\u00bb _builder_version=\u00a0\u00bb4.19.1&Prime; _module_preset=\u00a0\u00bbdefault\u00a0\u00bb hover_enabled=\u00a0\u00bb0&Prime; border_color_all=\u00a0\u00bb#EDF000&Prime; border_width_all_image=\u00a0\u00bb7px\u00a0\u00bb border_color_all_image=\u00a0\u00bb#046101&Prime; global_colors_info=\u00a0\u00bb{}\u00a0\u00bb sticky_enabled=\u00a0\u00bb0&Prime;][\/dsm_image_carousel][\/et_pb_column][\/et_pb_row][\/et_pb_section]\n","protected":false},"excerpt":{"rendered":"<p>Pour la maison\u00a0\u00bbLe confort de la maison est le meilleur r\u00e9confort.\u00a0\u00bbD\u00e9couvrez les diff\u00e9rentes cat\u00e9gories de produits disponibles dans notre espace d\u00e9di\u00e9 \u00e0 la Maison.<div class=\"et_pb_module dsm_icon_list dsm_icon_list_0\">\n\t\t\t\t\n\t\t\t\t\n\t\t\t\t\n\t\t\t\t\n\t\t\t\t\n\t\t\t\t\n\t\t\t\t<div class=\"et_pb_module_inner\">\n\t\t\t\t\t<ul class=\"dsm_icon_list_items dsm_icon_list_ltr_direction dsm_icon_list_layout_vertical\"><li class=\"dsm_icon_list_child dsm_icon_list_child_0 dsm_icon_list_child_tooltip\">\n\t\t\t\t\n\t\t\t\t\n\t\t\t\t\n\t\t\t\t\n\t\t\t\t<div class=\"dsm_icon_list_tooltip\" data-tippy-arrow=\"true\" data-dsm-tippy-placement=\"right\" data-dsm-slug=\"dsm_icon_list_child_0\"><span class=\"dsm_icon_list_wrapper\"><span class=\"dsm_icon_list_icon\">E<\/span><\/span><span class=\"dsm_icon_list_text\">Produits d\u2019entretien<\/span><\/div><span class=\"dsm_icon_list_tooltip_wrapper\">Descriptif Produits d\u2019entretien<\/span>\n\t\t\t<\/li><li class=\"dsm_icon_list_child dsm_icon_list_child_1 dsm_icon_list_child_tooltip\">\n\t\t\t\t\n\t\t\t\t\n\t\t\t\t\n\t\t\t\t\n\t\t\t\t<div class=\"dsm_icon_list_tooltip\" data-tippy-arrow=\"true\" data-dsm-tippy-placement=\"right\" data-dsm-slug=\"dsm_icon_list_child_1\"><span class=\"dsm_icon_list_wrapper\"><span class=\"dsm_icon_list_icon\">E<\/span><\/span><span class=\"dsm_icon_list_text\">Produits bien \u00eatre<\/span><\/div><span class=\"dsm_icon_list_tooltip_wrapper\">Descriptif Produits bien \u00eatre<\/span>\n\t\t\t<\/li><li class=\"dsm_icon_list_child dsm_icon_list_child_2 dsm_icon_list_child_tooltip\">\n\t\t\t\t\n\t\t\t\t\n\t\t\t\t\n\t\t\t\t\n\t\t\t\t<div class=\"dsm_icon_list_tooltip\" data-tippy-arrow=\"true\" data-dsm-tippy-placement=\"right\" data-dsm-slug=\"dsm_icon_list_child_2\"><span class=\"dsm_icon_list_wrapper\"><span class=\"dsm_icon_list_icon\">E<\/span><\/span><span class=\"dsm_icon_list_text\">\u00c9picerie et Terroir<\/span><\/div><span class=\"dsm_icon_list_tooltip_wrapper\">Descriptif \u00c9picerie et Terroir<\/span>\n\t\t\t<\/li><\/ul>\n\t\t\t\t<\/div>\n\t\t\t<\/div><div class=\"et_pb_with_border et_pb_module dsm_image_carousel dsm_image_carousel_0 dsm_image_carousel_arrow_outside dsm_image_carousel_arrow_mobile_inside \">\n\t\t\t\t\n\t\t\t\t\n\t\t\t\t\n\t\t\t\t\n\t\t\t\t\n\t\t\t\t\n\t\t\t\t<div class=\"et_pb_module_inner\">\n\t\t\t\t\t<div class=\"swiper-container dsm_image_carousel_container  dsm_image_carousel_carousel\" dir=\"ltr\"data-effect=\"default\"\n\t\t\tdata-slider-effect-shadows=\"false\"\n\t\t\tdata-slider-effect-coverflow-rotate=\"30\"\n\t\t\tdata-slider-effect-coverflow-depth=\"0\"\n\t\t\tdata-loop=\"true\"\n\t\t\tdata-slide-to-show=\"1\"\n\t\t\tdata-slide-to-show-tablet=\"1\"\n\t\t\tdata-slide-to-show-phone=\"1\"\n\t\t\tdata-slide-to-scroll=\"1\"\n\t\t\tdata-slide-to-scroll-tablet=\"1\"\n\t\t\tdata-slide-to-scroll-phone=\"1\"\n\t\t\tdata-space-between=\"15\"\n\t\t\tdata-space-between-tablet=\"15\"\n\t\t\tdata-space-between-phone=\"15\"\n\t\t\tdata-slide-row=\"1\"\n\t\t\tdata-centered-slides=\"false\"\n\t\t\tdata-speed=\"978\"\n\t\t\tdata-autoplay=\"true\"\n\t\t\tdata-autoplay-speed=\"3000\"\n\t\t\tdata-touch-move=\"true\"\n\t\t\tdata-grab=\"true\"\n\t\t\tdata-pause-on-hover=\"false\"\n\t\t\tdata-show-lightbox=\"false\"\n\t\t\tdata-lightbox-gallery=\"false\"\n\t\t\tdata-lightbox-caption=\"false\"\n\t\t\tdata-infinite-scrolling=\"false\"\n\t\t\tdata-slide-row-tablet=\"1\"\n\t\t\tdata-slide-row-phone=\"1\"\n\t\t\tdata-autoplay-viewport=80%\n\t\t\tdata-mousewheel=\"false\"\n\t\t\tdata-lazyload=\"false\"\n\t\t\tdata-type=\"carousel\"\n\t\t\tdata-slideshow-effect=\"default\"\n\t\t\tdata-slideshow-to-show=\"4\"\n\t\t\tdata-slideshow-to-show-tablet=\"4\"\n\t\t\tdata-slideshow-to-show-phone=\"\"\n\t\t\tdata-slider-orientation=\"horizontal\"\n\t\t\t\t\t\tdata-lightbox-title=\"false\"\n\n\t\t\t><div class=\"swiper-wrapper\"><div class=\"swiper-slide dsm_image_carousel_item\"><img loading=\"lazy\" decoding=\"async\" src=\"https:\/\/jardinerie-ambrosino.com\/wp-content\/uploads\/2023\/04\/Pour-la-maison-1.jpg\" alt=\"\" title=\"Pour la maison 1\" width=\"400\" height=\"500\" data-dsm-image-description=\"\" srcset=\"https:\/\/jardinerie-ambrosino.com\/wp-content\/uploads\/2023\/04\/Pour-la-maison-1.jpg 400w, https:\/\/jardinerie-ambrosino.com\/wp-content\/uploads\/2023\/04\/Pour-la-maison-1-240x300.jpg 240w\" sizes=\"auto, (max-width: 400px) 100vw, 400px\" class=\" skip-lazy\" \/><\/div><div class=\"swiper-slide dsm_image_carousel_item\"><img loading=\"lazy\" decoding=\"async\" src=\"https:\/\/jardinerie-ambrosino.com\/wp-content\/uploads\/2023\/04\/Pour-la-maison-2.jpg\" alt=\"\" title=\"Pour la maison 2\" width=\"400\" height=\"500\" data-dsm-image-description=\"\" srcset=\"https:\/\/jardinerie-ambrosino.com\/wp-content\/uploads\/2023\/04\/Pour-la-maison-2.jpg 400w, https:\/\/jardinerie-ambrosino.com\/wp-content\/uploads\/2023\/04\/Pour-la-maison-2-240x300.jpg 240w\" sizes=\"auto, (max-width: 400px) 100vw, 400px\" class=\" skip-lazy\" \/><\/div><div class=\"swiper-slide dsm_image_carousel_item\"><img loading=\"lazy\" decoding=\"async\" src=\"https:\/\/jardinerie-ambrosino.com\/wp-content\/uploads\/2023\/04\/Pour-la-maison-3.jpg\" alt=\"\" title=\"Pour la maison 3\" width=\"400\" height=\"500\" data-dsm-image-description=\"\" srcset=\"https:\/\/jardinerie-ambrosino.com\/wp-content\/uploads\/2023\/04\/Pour-la-maison-3.jpg 400w, https:\/\/jardinerie-ambrosino.com\/wp-content\/uploads\/2023\/04\/Pour-la-maison-3-240x300.jpg 240w\" sizes=\"auto, (max-width: 400px) 100vw, 400px\" class=\" skip-lazy\" \/><\/div><div class=\"swiper-slide dsm_image_carousel_item\"><img loading=\"lazy\" decoding=\"async\" src=\"https:\/\/jardinerie-ambrosino.com\/wp-content\/uploads\/2023\/04\/Pour-la-maison-4.jpg\" alt=\"\" title=\"Pour la maison 4\" width=\"400\" height=\"500\" data-dsm-image-description=\"\" srcset=\"https:\/\/jardinerie-ambrosino.com\/wp-content\/uploads\/2023\/04\/Pour-la-maison-4.jpg 400w, https:\/\/jardinerie-ambrosino.com\/wp-content\/uploads\/2023\/04\/Pour-la-maison-4-240x300.jpg 240w\" sizes=\"auto, (max-width: 400px) 100vw, 400px\" class=\" skip-lazy\" \/><\/div><div class=\"swiper-slide dsm_image_carousel_item\"><img loading=\"lazy\" decoding=\"async\" src=\"https:\/\/jardinerie-ambrosino.com\/wp-content\/uploads\/2023\/04\/Pour-la-maison-5.jpg\" alt=\"\" title=\"Pour la maison 5\" width=\"400\" height=\"500\" data-dsm-image-description=\"\" srcset=\"https:\/\/jardinerie-ambrosino.com\/wp-content\/uploads\/2023\/04\/Pour-la-maison-5.jpg 400w, https:\/\/jardinerie-ambrosino.com\/wp-content\/uploads\/2023\/04\/Pour-la-maison-5-240x300.jpg 240w\" sizes=\"auto, (max-width: 400px) 100vw, 400px\" class=\" skip-lazy\" \/><\/div><\/div><\/div>\n\t\t\t\t<\/div>\n\t\t\t<\/div><\/p>\n","protected":false},"author":1,"featured_media":0,"parent":0,"menu_order":0,"comment_status":"closed","ping_status":"closed","template":"","meta":{"_et_pb_use_builder":"on","_et_pb_old_content":"","_et_gb_content_width":"","_monsterinsights_skip_tracking":false,"_monsterinsights_sitenote_active":false,"_monsterinsights_sitenote_note":"","_monsterinsights_sitenote_category":0,"footnotes":""},"class_list":["post-627","page","type-page","status-publish","hentry"],"yoast_head":"<!-- This site is optimized with the Yoast SEO plugin v26.8 - https:\/\/yoast.com\/product\/yoast-seo-wordpress\/ -->\n<title>Pour la maison - Jardinerie Ambrosino<\/title>\n<meta name=\"description\" content=\"D\u00e9couvrez notre s\u00e9lection de produits pour la maison \u00e0 Lorgues : Produits d&#039;entretien, produits bien \u00eatre, \u00e9picerie et terroir.\" \/>\n<meta name=\"robots\" content=\"index, follow, max-snippet:-1, max-image-preview:large, max-video-preview:-1\" \/>\n<link rel=\"canonical\" href=\"https:\/\/jardinerie-ambrosino.com\/?page_id=627\" \/>\n<meta property=\"og:locale\" content=\"fr_FR\" \/>\n<meta property=\"og:type\" content=\"article\" \/>\n<meta property=\"og:title\" content=\"Pour la maison - Jardinerie Ambrosino\" \/>\n<meta property=\"og:description\" content=\"D\u00e9couvrez notre s\u00e9lection de produits pour la maison \u00e0 Lorgues : Produits d&#039;entretien, produits bien \u00eatre, \u00e9picerie et terroir.\" \/>\n<meta property=\"og:url\" content=\"https:\/\/jardinerie-ambrosino.com\/?page_id=627\" \/>\n<meta property=\"og:site_name\" content=\"Jardinerie Ambrosino\" \/>\n<meta property=\"article:publisher\" content=\"https:\/\/www.facebook.com\/profile.php?id=100057476918944\" \/>\n<meta property=\"article:modified_time\" content=\"2023-05-07T13:19:28+00:00\" \/>\n<meta name=\"twitter:card\" content=\"summary_large_image\" \/>\n<meta name=\"twitter:label1\" content=\"Dur\u00e9e de lecture estim\u00e9e\" \/>\n\t<meta name=\"twitter:data1\" content=\"2 minutes\" \/>\n<script type=\"application\/ld+json\" class=\"yoast-schema-graph\">{\"@context\":\"https:\/\/schema.org\",\"@graph\":[{\"@type\":\"WebPage\",\"@id\":\"https:\/\/jardinerie-ambrosino.com\/?page_id=627\",\"url\":\"https:\/\/jardinerie-ambrosino.com\/?page_id=627\",\"name\":\"Pour la maison - Jardinerie Ambrosino\",\"isPartOf\":{\"@id\":\"https:\/\/jardinerie-ambrosino.com\/#website\"},\"datePublished\":\"2023-04-27T11:02:27+00:00\",\"dateModified\":\"2023-05-07T13:19:28+00:00\",\"description\":\"D\u00e9couvrez notre s\u00e9lection de produits pour la maison \u00e0 Lorgues : Produits d'entretien, produits bien \u00eatre, \u00e9picerie et terroir.\",\"breadcrumb\":{\"@id\":\"https:\/\/jardinerie-ambrosino.com\/?page_id=627#breadcrumb\"},\"inLanguage\":\"fr-FR\",\"potentialAction\":[{\"@type\":\"ReadAction\",\"target\":[\"https:\/\/jardinerie-ambrosino.com\/?page_id=627\"]}]},{\"@type\":\"BreadcrumbList\",\"@id\":\"https:\/\/jardinerie-ambrosino.com\/?page_id=627#breadcrumb\",\"itemListElement\":[{\"@type\":\"ListItem\",\"position\":1,\"name\":\"Accueil\",\"item\":\"https:\/\/jardinerie-ambrosino.com\/\"},{\"@type\":\"ListItem\",\"position\":2,\"name\":\"Pour la maison\"}]},{\"@type\":\"WebSite\",\"@id\":\"https:\/\/jardinerie-ambrosino.com\/#website\",\"url\":\"https:\/\/jardinerie-ambrosino.com\/\",\"name\":\"Jardinerie Ambrosino\",\"description\":\"Lorgues\",\"publisher\":{\"@id\":\"https:\/\/jardinerie-ambrosino.com\/#organization\"},\"potentialAction\":[{\"@type\":\"SearchAction\",\"target\":{\"@type\":\"EntryPoint\",\"urlTemplate\":\"https:\/\/jardinerie-ambrosino.com\/?s={search_term_string}\"},\"query-input\":{\"@type\":\"PropertyValueSpecification\",\"valueRequired\":true,\"valueName\":\"search_term_string\"}}],\"inLanguage\":\"fr-FR\"},{\"@type\":\"Organization\",\"@id\":\"https:\/\/jardinerie-ambrosino.com\/#organization\",\"name\":\"Jardinerie Ambrosino\",\"url\":\"https:\/\/jardinerie-ambrosino.com\/\",\"logo\":{\"@type\":\"ImageObject\",\"inLanguage\":\"fr-FR\",\"@id\":\"https:\/\/jardinerie-ambrosino.com\/#\/schema\/logo\/image\/\",\"url\":\"https:\/\/jardinerie-ambrosino.com\/wp-content\/uploads\/2023\/03\/Logo.png\",\"contentUrl\":\"https:\/\/jardinerie-ambrosino.com\/wp-content\/uploads\/2023\/03\/Logo.png\",\"width\":300,\"height\":150,\"caption\":\"Jardinerie Ambrosino\"},\"image\":{\"@id\":\"https:\/\/jardinerie-ambrosino.com\/#\/schema\/logo\/image\/\"},\"sameAs\":[\"https:\/\/www.facebook.com\/profile.php?id=100057476918944\",\"https:\/\/www.instagram.com\/jardinerieambrosino\/\"]}]}<\/script>\n<!-- \/ Yoast SEO plugin. -->","yoast_head_json":{"title":"Pour la maison - Jardinerie Ambrosino","description":"D\u00e9couvrez notre s\u00e9lection de produits pour la maison \u00e0 Lorgues : Produits d'entretien, produits bien \u00eatre, \u00e9picerie et terroir.","robots":{"index":"index","follow":"follow","max-snippet":"max-snippet:-1","max-image-preview":"max-image-preview:large","max-video-preview":"max-video-preview:-1"},"canonical":"https:\/\/jardinerie-ambrosino.com\/?page_id=627","og_locale":"fr_FR","og_type":"article","og_title":"Pour la maison - Jardinerie Ambrosino","og_description":"D\u00e9couvrez notre s\u00e9lection de produits pour la maison \u00e0 Lorgues : Produits d'entretien, produits bien \u00eatre, \u00e9picerie et terroir.","og_url":"https:\/\/jardinerie-ambrosino.com\/?page_id=627","og_site_name":"Jardinerie Ambrosino","article_publisher":"https:\/\/www.facebook.com\/profile.php?id=100057476918944","article_modified_time":"2023-05-07T13:19:28+00:00","twitter_card":"summary_large_image","twitter_misc":{"Dur\u00e9e de lecture estim\u00e9e":"2 minutes"},"schema":{"@context":"https:\/\/schema.org","@graph":[{"@type":"WebPage","@id":"https:\/\/jardinerie-ambrosino.com\/?page_id=627","url":"https:\/\/jardinerie-ambrosino.com\/?page_id=627","name":"Pour la maison - Jardinerie Ambrosino","isPartOf":{"@id":"https:\/\/jardinerie-ambrosino.com\/#website"},"datePublished":"2023-04-27T11:02:27+00:00","dateModified":"2023-05-07T13:19:28+00:00","description":"D\u00e9couvrez notre s\u00e9lection de produits pour la maison \u00e0 Lorgues : Produits d'entretien, produits bien \u00eatre, \u00e9picerie et terroir.","breadcrumb":{"@id":"https:\/\/jardinerie-ambrosino.com\/?page_id=627#breadcrumb"},"inLanguage":"fr-FR","potentialAction":[{"@type":"ReadAction","target":["https:\/\/jardinerie-ambrosino.com\/?page_id=627"]}]},{"@type":"BreadcrumbList","@id":"https:\/\/jardinerie-ambrosino.com\/?page_id=627#breadcrumb","itemListElement":[{"@type":"ListItem","position":1,"name":"Accueil","item":"https:\/\/jardinerie-ambrosino.com\/"},{"@type":"ListItem","position":2,"name":"Pour la maison"}]},{"@type":"WebSite","@id":"https:\/\/jardinerie-ambrosino.com\/#website","url":"https:\/\/jardinerie-ambrosino.com\/","name":"Jardinerie Ambrosino","description":"Lorgues","publisher":{"@id":"https:\/\/jardinerie-ambrosino.com\/#organization"},"potentialAction":[{"@type":"SearchAction","target":{"@type":"EntryPoint","urlTemplate":"https:\/\/jardinerie-ambrosino.com\/?s={search_term_string}"},"query-input":{"@type":"PropertyValueSpecification","valueRequired":true,"valueName":"search_term_string"}}],"inLanguage":"fr-FR"},{"@type":"Organization","@id":"https:\/\/jardinerie-ambrosino.com\/#organization","name":"Jardinerie Ambrosino","url":"https:\/\/jardinerie-ambrosino.com\/","logo":{"@type":"ImageObject","inLanguage":"fr-FR","@id":"https:\/\/jardinerie-ambrosino.com\/#\/schema\/logo\/image\/","url":"https:\/\/jardinerie-ambrosino.com\/wp-content\/uploads\/2023\/03\/Logo.png","contentUrl":"https:\/\/jardinerie-ambrosino.com\/wp-content\/uploads\/2023\/03\/Logo.png","width":300,"height":150,"caption":"Jardinerie Ambrosino"},"image":{"@id":"https:\/\/jardinerie-ambrosino.com\/#\/schema\/logo\/image\/"},"sameAs":["https:\/\/www.facebook.com\/profile.php?id=100057476918944","https:\/\/www.instagram.com\/jardinerieambrosino\/"]}]}},"_links":{"self":[{"href":"https:\/\/jardinerie-ambrosino.com\/index.php?rest_route=\/wp\/v2\/pages\/627","targetHints":{"allow":["GET"]}}],"collection":[{"href":"https:\/\/jardinerie-ambrosino.com\/index.php?rest_route=\/wp\/v2\/pages"}],"about":[{"href":"https:\/\/jardinerie-ambrosino.com\/index.php?rest_route=\/wp\/v2\/types\/page"}],"author":[{"embeddable":true,"href":"https:\/\/jardinerie-ambrosino.com\/index.php?rest_route=\/wp\/v2\/users\/1"}],"replies":[{"embeddable":true,"href":"https:\/\/jardinerie-ambrosino.com\/index.php?rest_route=%2Fwp%2Fv2%2Fcomments&post=627"}],"version-history":[{"count":7,"href":"https:\/\/jardinerie-ambrosino.com\/index.php?rest_route=\/wp\/v2\/pages\/627\/revisions"}],"predecessor-version":[{"id":689,"href":"https:\/\/jardinerie-ambrosino.com\/index.php?rest_route=\/wp\/v2\/pages\/627\/revisions\/689"}],"wp:attachment":[{"href":"https:\/\/jardinerie-ambrosino.com\/index.php?rest_route=%2Fwp%2Fv2%2Fmedia&parent=627"}],"curies":[{"name":"wp","href":"https:\/\/api.w.org\/{rel}","templated":true}]}}